{"id":10695,"date":"2024-04-26T14:36:27","date_gmt":"2024-04-26T14:36:27","guid":{"rendered":"https:\/\/suis.com\/?page_id=10695"},"modified":"2024-04-29T12:42:35","modified_gmt":"2024-04-29T12:42:35","slug":"rd","status":"publish","type":"page","link":"https:\/\/suis.com\/ceviri\/rd\/","title":{"rendered":"Ar-Ge"},"content":{"rendered":"<div data-elementor-type=\"wp-page\" data-elementor-id=\"10695\" class=\"elementor elementor-10695\" data-elementor-post-type=\"page\">\n\t\t\t\t\t\t<section data-particle_enable=\"false\" data-particle-mobile-disabled=\"false\" class=\"elementor-section elementor-top-section elementor-element elementor-element-630a98aa elementor-section-full_width elementor-section-height-default elementor-section-height-default\" data-id=\"630a98aa\" data-element_type=\"section\" data-settings=\"{&quot;background_background&quot;:&quot;classic&quot;,&quot;_ha_eqh_enable&quot;:false}\">\n\t\t\t\t\t\t\t<div class=\"elementor-background-overlay\"><\/div>\n\t\t\t\t\t\t\t<div class=\"elementor-container elementor-column-gap-default\">\n\t\t\t\t\t<div class=\"elementor-column elementor-col-100 elementor-top-column elementor-element elementor-element-4e5a6248\" data-id=\"4e5a6248\" data-element_type=\"column\">\n\t\t\t<div class=\"elementor-widget-wrap elementor-element-populated\">\n\t\t\t\t\t\t<div class=\"elementor-element elementor-element-1f244f52 elementor-widget elementor-widget-text-editor\" data-id=\"1f244f52\" data-element_type=\"widget\" data-widget_type=\"text-editor.default\">\n\t\t\t\t<div class=\"elementor-widget-container\">\n\t\t\t<style>\/*! elementor - v3.20.0 - 26-03-2024 *\/\n.elementor-widget-text-editor.elementor-drop-cap-view-stacked .elementor-drop-cap{background-color:#69727d;color:#fff}.elementor-widget-text-editor.elementor-drop-cap-view-framed .elementor-drop-cap{color:#69727d;border:3px solid;background-color:transparent}.elementor-widget-text-editor:not(.elementor-drop-cap-view-default) .elementor-drop-cap{margin-top:8px}.elementor-widget-text-editor:not(.elementor-drop-cap-view-default) .elementor-drop-cap-letter{width:1em;height:1em}.elementor-widget-text-editor .elementor-drop-cap{float:left;text-align:center;line-height:1;font-size:50px}.elementor-widget-text-editor .elementor-drop-cap-letter{display:inline-block}<\/style>\t\t\t\tAR-GE \t\t\t\t\t\t<\/div>\n\t\t\t\t<\/div>\n\t\t\t\t\t<\/div>\n\t\t<\/div>\n\t\t\t\t\t<\/div>\n\t\t<\/section>\n\t\t\t\t<section data-particle_enable=\"false\" data-particle-mobile-disabled=\"false\" class=\"elementor-section elementor-top-section elementor-element elementor-element-7fd04c4f elementor-section-boxed elementor-section-height-default elementor-section-height-default\" data-id=\"7fd04c4f\" data-element_type=\"section\" data-settings=\"{&quot;_ha_eqh_enable&quot;:false}\">\n\t\t\t\t\t\t<div class=\"elementor-container elementor-column-gap-default\">\n\t\t\t\t\t<div class=\"elementor-column elementor-col-100 elementor-top-column elementor-element elementor-element-1b8d87dc\" data-id=\"1b8d87dc\" data-element_type=\"column\">\n\t\t\t<div class=\"elementor-widget-wrap elementor-element-populated\">\n\t\t\t\t\t\t<section data-particle_enable=\"false\" data-particle-mobile-disabled=\"false\" class=\"elementor-section elementor-inner-section elementor-element elementor-element-af1e632 elementor-section-full_width elementor-section-height-default elementor-section-height-default\" data-id=\"af1e632\" data-element_type=\"section\" data-settings=\"{&quot;_ha_eqh_enable&quot;:false}\">\n\t\t\t\t\t\t<div class=\"elementor-container elementor-column-gap-default\">\n\t\t\t\t\t<div class=\"elementor-column elementor-col-100 elementor-inner-column elementor-element elementor-element-4f8a57ac\" data-id=\"4f8a57ac\" data-element_type=\"column\">\n\t\t\t<div class=\"elementor-widget-wrap elementor-element-populated\">\n\t\t\t\t\t\t<div class=\"elementor-element elementor-element-1ea5ec84 elementor-widget elementor-widget-elementskit-heading\" data-id=\"1ea5ec84\" data-element_type=\"widget\" data-widget_type=\"elementskit-heading.default\">\n\t\t\t\t<div class=\"elementor-widget-container\">\n\t\t\t<div class=\"ekit-wid-con\" ><div class=\"ekit-heading elementskit-section-title-wraper text_center   ekit_heading_tablet-   ekit_heading_mobile-\"><h2 class=\"ekit-heading--title elementskit-section-title\">Ar-Ge \u00e7al\u0131\u015fmalar\u0131m\u0131zla su ve toprak kaynaklar\u0131n\u0131n s\u00fcrd\u00fcr\u00fclebilir olarak yeni nesillere aktar\u0131lmas\u0131 i\u00e7in yenilik\u00e7i projeler geli\u015ftiriyoruz.<\/h2><\/div><\/div>\t\t<\/div>\n\t\t\t\t<\/div>\n\t\t\t\t\t<\/div>\n\t\t<\/div>\n\t\t\t\t\t<\/div>\n\t\t<\/section>\n\t\t\t\t\t<\/div>\n\t\t<\/div>\n\t\t\t\t\t<\/div>\n\t\t<\/section>\n\t\t\t\t<section data-particle_enable=\"false\" data-particle-mobile-disabled=\"false\" class=\"elementor-section elementor-top-section elementor-element elementor-element-cae4 elementor-section-boxed elementor-section-height-default elementor-section-height-default\" data-id=\"cae4\" data-element_type=\"section\" data-settings=\"{&quot;_ha_eqh_enable&quot;:false}\">\n\t\t\t\t\t\t<div class=\"elementor-container elementor-column-gap-default\">\n\t\t\t\t\t<div class=\"elementor-column elementor-col-100 elementor-top-column elementor-element elementor-element-a0384a4\" data-id=\"a0384a4\" data-element_type=\"column\">\n\t\t\t<div class=\"elementor-widget-wrap elementor-element-populated\">\n\t\t\t\t\t\t<div class=\"elementor-element elementor-element-5adef8d4 elementor-widget elementor-widget-ha-gradient-heading happy-addon ha-gradient-heading\" data-id=\"5adef8d4\" data-element_type=\"widget\" data-widget_type=\"ha-gradient-heading.default\">\n\t\t\t\t<div class=\"elementor-widget-container\">\n\t\t\t<h2 class=\"ha-gradient-heading\">ARA\u015eTIRMA &amp; GEL\u0130\u015eT\u0130RME<\/h2>\t\t<\/div>\n\t\t\t\t<\/div>\n\t\t\t\t\t<\/div>\n\t\t<\/div>\n\t\t\t\t\t<\/div>\n\t\t<\/section>\n\t\t\t\t<section data-particle_enable=\"false\" data-particle-mobile-disabled=\"false\" class=\"elementor-section elementor-top-section elementor-element elementor-element-21cf4605 elementor-section-boxed elementor-section-height-default elementor-section-height-default\" data-id=\"21cf4605\" data-element_type=\"section\" data-settings=\"{&quot;background_background&quot;:&quot;classic&quot;,&quot;_ha_eqh_enable&quot;:false}\">\n\t\t\t\t\t\t<div class=\"elementor-container elementor-column-gap-default\">\n\t\t\t\t\t<div class=\"elementor-column elementor-col-50 elementor-top-column elementor-element elementor-element-62370e6b\" data-id=\"62370e6b\" data-element_type=\"column\">\n\t\t\t<div class=\"elementor-widget-wrap elementor-element-populated\">\n\t\t\t\t\t\t<div class=\"elementor-element elementor-element-5721f2e3 elementor-widget elementor-widget-text-editor\" data-id=\"5721f2e3\" data-element_type=\"widget\" data-widget_type=\"text-editor.default\">\n\t\t\t\t<div class=\"elementor-widget-container\">\n\t\t\t\t\t\t\tSui\u015f Proje, 1965 y\u0131l\u0131ndan beri su ve toprak kaynaklar\u0131n\u0131n s\u00fcrd\u00fcr\u00fclebilir y\u00f6netimi i\u00e7in bir\u00e7ok projeye imza atm\u0131\u015ft\u0131r. Bu s\u00fcrd\u00fcr\u00fclebilir y\u00f6netim anlay\u0131\u015f\u0131n\u0131 Ar-Ge \u00e7al\u0131\u015fmalar\u0131 ile yenilik ve inovasyonla g\u00fc\u00e7lendirmektedir.\n\n<br>\n<br>\nSui\u015f Proje, bug\u00fcne kadar yapt\u0131\u011f\u0131 t\u00fcm projelerde edindi\u011fi benzersiz tecr\u00fcbeyi Ar-Ge yakla\u015f\u0131m\u0131 ile yenilik\u00e7i, inovatif, geli\u015fen teknoloji ile klasik m\u00fchendislik \u00e7\u00f6z\u00fcmlerini birle\u015ftirmeyi hedeflemektedir. Bu do\u011frultuda nitelikli Ar-Ge personelleri ile a\u015fa\u011f\u0131daki ama\u00e7lar do\u011frultusunda \u00e7al\u0131\u015fmalar\u0131na devam etmektedir.\t\t\t\t\t\t<\/div>\n\t\t\t\t<\/div>\n\t\t\t\t<div class=\"elementor-element elementor-element-9004caf elementor-widget elementor-widget-text-editor\" data-id=\"9004caf\" data-element_type=\"widget\" data-widget_type=\"text-editor.default\">\n\t\t\t\t<div class=\"elementor-widget-container\">\n\t\t\t\t\t\t\t<ul>\n \t<li>G\u00fcn\u00fcm\u00fcz su sorunlar\u0131na yenilik\u00e7i \u00e7\u00f6z\u00fcmler \u00fcretmek<\/li>\n \t<li>Konusunda yeni ve \u00f6nc\u00fc uygulamalar\u0131 hayata ge\u00e7irmek<\/li>\n \t<li>Nitelikli Ar-Ge personeli fikirleri ile \u00e7al\u0131\u015fmalar y\u00fcr\u00fctmek<\/li>\n<\/ul> \t\t\t\t\t\t<\/div>\n\t\t\t\t<\/div>\n\t\t\t\t\t<\/div>\n\t\t<\/div>\n\t\t\t\t<div class=\"elementor-column elementor-col-50 elementor-top-column elementor-element elementor-element-a6b1449\" data-id=\"a6b1449\" data-element_type=\"column\">\n\t\t\t<div class=\"elementor-widget-wrap elementor-element-populated\">\n\t\t\t\t\t\t<div class=\"elementor-element elementor-element-5902706a elementor-widget elementor-widget-image\" data-id=\"5902706a\" data-element_type=\"widget\" data-widget_type=\"image.default\">\n\t\t\t\t<div class=\"elementor-widget-container\">\n\t\t\t<style>\/*! elementor - v3.20.0 - 26-03-2024 *\/\n.elementor-widget-image{text-align:center}.elementor-widget-image a{display:inline-block}.elementor-widget-image a img[src$=\".svg\"]{width:48px}.elementor-widget-image img{vertical-align:middle;display:inline-block}<\/style>\t\t\t\t\t\t\t\t\t\t<img fetchpriority=\"high\" decoding=\"async\" width=\"640\" height=\"480\" src=\"https:\/\/suis.com\/wp-content\/uploads\/2024\/02\/5-1024x768.jpg\" class=\"attachment-large size-large wp-image-4049\" alt=\"\" srcset=\"https:\/\/suis.com\/wp-content\/uploads\/2024\/02\/5-1024x768.jpg 1024w, https:\/\/suis.com\/wp-content\/uploads\/2024\/02\/5-300x225.jpg 300w, https:\/\/suis.com\/wp-content\/uploads\/2024\/02\/5-768x576.jpg 768w, https:\/\/suis.com\/wp-content\/uploads\/2024\/02\/5-1536x1152.jpg 1536w, https:\/\/suis.com\/wp-content\/uploads\/2024\/02\/5-2048x1536.jpg 2048w\" sizes=\"(max-width: 640px) 100vw, 640px\" \/>\t\t\t\t\t\t\t\t\t\t\t\t\t<\/div>\n\t\t\t\t<\/div>\n\t\t\t\t\t<\/div>\n\t\t<\/div>\n\t\t\t\t\t<\/div>\n\t\t<\/section>\n\t\t\t\t<section data-particle_enable=\"false\" data-particle-mobile-disabled=\"false\" class=\"elementor-section elementor-top-section elementor-element elementor-element-6890773f elementor-section-full_width elementor-section-height-default elementor-section-height-default\" data-id=\"6890773f\" data-element_type=\"section\" data-settings=\"{&quot;_ha_eqh_enable&quot;:false}\">\n\t\t\t\t\t\t<div class=\"elementor-container elementor-column-gap-default\">\n\t\t\t\t\t<div class=\"elementor-column elementor-col-100 elementor-top-column elementor-element elementor-element-17e43684\" data-id=\"17e43684\" data-element_type=\"column\">\n\t\t\t<div class=\"elementor-widget-wrap elementor-element-populated\">\n\t\t\t\t\t\t<div class=\"elementor-element elementor-element-41d872fa sa-card--left sa-card--tablet-left sa-card--mobile-top elementor-widget elementor-widget-sky-card\" data-id=\"41d872fa\" data-element_type=\"widget\" data-widget_type=\"sky-card.default\">\n\t\t\t\t<div class=\"elementor-widget-container\">\n\t\t\t\t\t<div class=\"sa-card\">\n\n\t\t\t\t\t\t\t<figure class=\"sa-img-area\">\n\t\t\t\t\t<a class=\"sa-text-decoration-none\" href=\"https:\/\/suis.com\/ceviri\/projects\/\"><img decoding=\"async\" width=\"2560\" height=\"734\" src=\"https:\/\/suis.com\/wp-content\/uploads\/2024\/02\/RD03_shutterstock_2201000683-scaled.jpg\" class=\"attachment-full size-full wp-image-5997\" alt=\"\" srcset=\"https:\/\/suis.com\/wp-content\/uploads\/2024\/02\/RD03_shutterstock_2201000683-scaled.jpg 2560w, https:\/\/suis.com\/wp-content\/uploads\/2024\/02\/RD03_shutterstock_2201000683-300x86.jpg 300w, https:\/\/suis.com\/wp-content\/uploads\/2024\/02\/RD03_shutterstock_2201000683-1024x294.jpg 1024w, https:\/\/suis.com\/wp-content\/uploads\/2024\/02\/RD03_shutterstock_2201000683-768x220.jpg 768w, https:\/\/suis.com\/wp-content\/uploads\/2024\/02\/RD03_shutterstock_2201000683-1536x441.jpg 1536w, https:\/\/suis.com\/wp-content\/uploads\/2024\/02\/RD03_shutterstock_2201000683-2048x587.jpg 2048w\" sizes=\"(max-width: 2560px) 100vw, 2560px\" \/><\/a>\t\t\t\t<\/figure>\n\t\t\t\n\t\t\t<div class=\"sa-content-area\">\n\t\t\t\t<h6 class=\"sa--text-sub-title sa--sub-title sa-sub-title sa-mt-0 sa-mb-1 sa-fs-6\">SU\u0130\u015e PROJE AR-GE<\/h6><div class=\"sa-desc sa--text-info sa-mb-3 sa-fs-6\">Yapay zeka ve tahmine dayal\u0131 analitik ileri teknolojileriyle inovasyon k\u00fclt\u00fcr\u00fcn\u00fc birle\u015ftirerek konvansiyonel sistemleri Ak\u0131ll\u0131 Su sistemlerine d\u00f6n\u00fc\u015ft\u00fcrmeyi hedefliyoruz.<\/div>\n\t\t\t\t\t\t\t\t\t<a class=\"sa-button sa-d-inline-flex sa-text-decoration-none sa-p-3 sa-rounded sa-align-items-center  sa-button-icon-\" href=\"https:\/\/suis.com\/ceviri\/projects\/\">\n\n\t\t\t\t\t\t<span class=\"sa-button-text\">T\u00fcm Projeler<\/span>\t\t\t\t\t<\/a>\n\t\t\t\t\t\t\t<\/div>\n\t\t<\/div>\n\t\t\t\t<\/div>\n\t\t\t\t<\/div>\n\t\t\t\t\t<\/div>\n\t\t<\/div>\n\t\t\t\t\t<\/div>\n\t\t<\/section>\n\t\t\t\t<section data-particle_enable=\"false\" data-particle-mobile-disabled=\"false\" class=\"elementor-section elementor-top-section elementor-element elementor-element-2147cce elementor-section-boxed elementor-section-height-default elementor-section-height-default\" data-id=\"2147cce\" data-element_type=\"section\" data-settings=\"{&quot;background_background&quot;:&quot;classic&quot;,&quot;_ha_eqh_enable&quot;:false}\">\n\t\t\t\t\t\t<div class=\"elementor-container elementor-column-gap-default\">\n\t\t\t\t\t<div class=\"elementor-column elementor-col-50 elementor-top-column elementor-element elementor-element-7f2facd\" data-id=\"7f2facd\" data-element_type=\"column\">\n\t\t\t<div class=\"elementor-widget-wrap elementor-element-populated\">\n\t\t\t\t\t\t<div class=\"elementor-element elementor-element-7562678 elementor-widget elementor-widget-image\" data-id=\"7562678\" data-element_type=\"widget\" data-widget_type=\"image.default\">\n\t\t\t\t<div class=\"elementor-widget-container\">\n\t\t\t\t\t\t\t\t\t\t\t\t\t<img decoding=\"async\" width=\"2560\" height=\"1707\" src=\"https:\/\/suis.com\/wp-content\/uploads\/2024\/02\/RD02_shutterstock_2193414283-scaled.jpg\" class=\"attachment-full size-full wp-image-5998\" alt=\"\" srcset=\"https:\/\/suis.com\/wp-content\/uploads\/2024\/02\/RD02_shutterstock_2193414283-scaled.jpg 2560w, https:\/\/suis.com\/wp-content\/uploads\/2024\/02\/RD02_shutterstock_2193414283-300x200.jpg 300w, https:\/\/suis.com\/wp-content\/uploads\/2024\/02\/RD02_shutterstock_2193414283-1024x683.jpg 1024w, https:\/\/suis.com\/wp-content\/uploads\/2024\/02\/RD02_shutterstock_2193414283-768x512.jpg 768w, https:\/\/suis.com\/wp-content\/uploads\/2024\/02\/RD02_shutterstock_2193414283-1536x1024.jpg 1536w, https:\/\/suis.com\/wp-content\/uploads\/2024\/02\/RD02_shutterstock_2193414283-2048x1365.jpg 2048w\" sizes=\"(max-width: 2560px) 100vw, 2560px\" \/>\t\t\t\t\t\t\t\t\t\t\t\t\t<\/div>\n\t\t\t\t<\/div>\n\t\t\t\t\t<\/div>\n\t\t<\/div>\n\t\t\t\t<div class=\"elementor-column elementor-col-50 elementor-top-column elementor-element elementor-element-cf1dd3e\" data-id=\"cf1dd3e\" data-element_type=\"column\">\n\t\t\t<div class=\"elementor-widget-wrap elementor-element-populated\">\n\t\t\t\t\t\t<div class=\"elementor-element elementor-element-1c974118 elementor-widget elementor-widget-elementskit-heading\" data-id=\"1c974118\" data-element_type=\"widget\" data-widget_type=\"elementskit-heading.default\">\n\t\t\t\t<div class=\"elementor-widget-container\">\n\t\t\t<div class=\"ekit-wid-con\" ><div class=\"ekit-heading elementskit-section-title-wraper text_center   ekit_heading_tablet-   ekit_heading_mobile-\"><h2 class=\"ekit-heading--title elementskit-section-title\">Ulusal ve Uluslararas\u0131 d\u00fczeyde <span>Akademik Kurumlarla \u0130\u015f Birli\u011fi <\/span><\/h2><\/div><\/div>\t\t<\/div>\n\t\t\t\t<\/div>\n\t\t\t\t<div class=\"elementor-element elementor-element-d930be6 elementor-widget elementor-widget-text-editor\" data-id=\"d930be6\" data-element_type=\"widget\" data-widget_type=\"text-editor.default\">\n\t\t\t\t<div class=\"elementor-widget-container\">\n\t\t\t\t\t\t\t<p>Sui\u015f Proje, sekt\u00f6r bilgisini ulusal ve uluslararas\u0131 d\u00fczeyde akademik dan\u0131\u015fmanlar ile \u00e7al\u0131\u015farak yenilik\u00e7i \u00e7\u00f6z\u00fcmleri k\u00fcresel \u00e7apta takip ederek su ve toprak kaynaklar\u0131 alan\u0131nda somut karar vericilere destek olacak uygulamalar geli\u015ftirmektedir.<\/p>\t\t\t\t\t\t<\/div>\n\t\t\t\t<\/div>\n\t\t\t\t<div class=\"elementor-element elementor-element-cd2287b elementor-widget elementor-widget-text-editor\" data-id=\"cd2287b\" data-element_type=\"widget\" data-widget_type=\"text-editor.default\">\n\t\t\t\t<div class=\"elementor-widget-container\">\n\t\t\t\t\t\t\t<ul>\n \t<li>G\u00fcn\u00fcm\u00fcz su sorunlar\u0131na yenilik\u00e7i \u00e7\u00f6z\u00fcmler \u00fcretmek<\/li>\n \t<li>Konusunda yeni ve \u00f6nc\u00fc uygulamalar\u0131 hayata ge\u00e7irmek<\/li>\n \t<li>Nitelikli Ar-Ge personeli fikirleri ile \u00e7al\u0131\u015fmalar y\u00fcr\u00fctmek<\/li>\n<\/ul> \t\t\t\t\t\t<\/div>\n\t\t\t\t<\/div>\n\t\t\t\t\t<\/div>\n\t\t<\/div>\n\t\t\t\t\t<\/div>\n\t\t<\/section>\n\t\t\t\t<section data-particle_enable=\"false\" data-particle-mobile-disabled=\"false\" class=\"elementor-section elementor-top-section elementor-element elementor-element-088634a elementor-section-content-middle elementor-section-boxed elementor-section-height-default elementor-section-height-default\" data-id=\"088634a\" data-element_type=\"section\" data-settings=\"{&quot;background_background&quot;:&quot;classic&quot;,&quot;_ha_eqh_enable&quot;:false}\">\n\t\t\t\t\t\t\t<div class=\"elementor-background-overlay\"><\/div>\n\t\t\t\t\t\t\t<div class=\"elementor-container elementor-column-gap-default\">\n\t\t\t\t\t<div class=\"elementor-column elementor-col-100 elementor-top-column elementor-element elementor-element-887de47\" data-id=\"887de47\" data-element_type=\"column\">\n\t\t\t<div class=\"elementor-widget-wrap elementor-element-populated\">\n\t\t\t\t\t\t<div class=\"elementor-element elementor-element-2c7eeff elementor-widget elementor-widget-elementskit-heading\" data-id=\"2c7eeff\" data-element_type=\"widget\" data-widget_type=\"elementskit-heading.default\">\n\t\t\t\t<div class=\"elementor-widget-container\">\n\t\t\t<div class=\"ekit-wid-con\" ><div class=\"ekit-heading elementskit-section-title-wraper text_center   ekit_heading_tablet-   ekit_heading_mobile-\"><h2 class=\"ekit-heading--title elementskit-section-title\">SU\u0130\u015e PROJE AR-GE <br> <span>YAZILIM<\/span> ve <span>VER\u0130<\/span><\/h2><\/div><\/div>\t\t<\/div>\n\t\t\t\t<\/div>\n\t\t\t\t\t<\/div>\n\t\t<\/div>\n\t\t\t\t\t<\/div>\n\t\t<\/section>\n\t\t\t\t<section data-particle_enable=\"false\" data-particle-mobile-disabled=\"false\" class=\"elementor-section elementor-top-section elementor-element elementor-element-d5bf8c3 elementor-section-boxed elementor-section-height-default elementor-section-height-default\" data-id=\"d5bf8c3\" data-element_type=\"section\" data-settings=\"{&quot;_ha_eqh_enable&quot;:false}\">\n\t\t\t\t\t\t<div class=\"elementor-container elementor-column-gap-default\">\n\t\t\t\t\t<div class=\"elementor-column elementor-col-100 elementor-top-column elementor-element elementor-element-a83338a\" data-id=\"a83338a\" data-element_type=\"column\">\n\t\t\t<div class=\"elementor-widget-wrap elementor-element-populated\">\n\t\t\t\t\t\t<div class=\"elementor-element elementor-element-c5a41ad elementor-widget elementor-widget-ha-gradient-heading happy-addon ha-gradient-heading\" data-id=\"c5a41ad\" data-element_type=\"widget\" data-widget_type=\"ha-gradient-heading.default\">\n\t\t\t\t<div class=\"elementor-widget-container\">\n\t\t\t<h2 class=\"ha-gradient-heading\">YAZILIM<\/h2>\t\t<\/div>\n\t\t\t\t<\/div>\n\t\t\t\t\t<\/div>\n\t\t<\/div>\n\t\t\t\t\t<\/div>\n\t\t<\/section>\n\t\t\t\t<section data-particle_enable=\"false\" data-particle-mobile-disabled=\"false\" class=\"elementor-section elementor-top-section elementor-element elementor-element-84e7460 elementor-section-boxed elementor-section-height-default elementor-section-height-default\" data-id=\"84e7460\" data-element_type=\"section\" data-settings=\"{&quot;background_background&quot;:&quot;classic&quot;,&quot;_ha_eqh_enable&quot;:false}\">\n\t\t\t\t\t\t<div class=\"elementor-container elementor-column-gap-default\">\n\t\t\t\t\t<div class=\"elementor-column elementor-col-50 elementor-top-column elementor-element elementor-element-aa162f2\" data-id=\"aa162f2\" data-element_type=\"column\">\n\t\t\t<div class=\"elementor-widget-wrap elementor-element-populated\">\n\t\t\t\t\t\t<div class=\"elementor-element elementor-element-a7bd21f elementor-widget elementor-widget-elementskit-heading\" data-id=\"a7bd21f\" data-element_type=\"widget\" data-widget_type=\"elementskit-heading.default\">\n\t\t\t\t<div class=\"elementor-widget-container\">\n\t\t\t<div class=\"ekit-wid-con\" ><div class=\"ekit-heading elementskit-section-title-wraper text_left   ekit_heading_tablet-   ekit_heading_mobile-\"><h2 class=\"ekit-heading--title elementskit-section-title\">Sekt\u00f6r\u00fcn \u00f6zel ve teknik ihtiya\u00e7lar\u0131na y\u00f6nelik <span>AR-GE yakla\u015f\u0131m\u0131 ile<\/span> digital \u00e7\u00f6z\u00fcmler<\/h2><\/div><\/div>\t\t<\/div>\n\t\t\t\t<\/div>\n\t\t\t\t<div class=\"elementor-element elementor-element-26c84ee elementor-widget elementor-widget-elementskit-heading\" data-id=\"26c84ee\" data-element_type=\"widget\" data-widget_type=\"elementskit-heading.default\">\n\t\t\t\t<div class=\"elementor-widget-container\">\n\t\t\t<div class=\"ekit-wid-con\" ><div class=\"ekit-heading elementskit-section-title-wraper text_center   ekit_heading_tablet-   ekit_heading_mobile-\"><h2 class=\"ekit-heading--title elementskit-section-title\">FDDT \u2013 Filter Dam Design Tool<\/h2><\/div><\/div>\t\t<\/div>\n\t\t\t\t<\/div>\n\t\t\t\t<div class=\"elementor-element elementor-element-f1f1cf0 elementor-widget elementor-widget-text-editor\" data-id=\"f1f1cf0\" data-element_type=\"widget\" data-widget_type=\"text-editor.default\">\n\t\t\t\t<div class=\"elementor-widget-container\">\n\t\t\t\t\t\t\t<ul><li>Hidrolik yap\u0131lar\u0131n tasar\u0131m\u0131 ve in\u015fas\u0131 s\u00fcrecinde daha g\u00fcvenilir, etkili ve verimli \u00e7\u00f6z\u00fcmler<\/li><li>Klasik tersip bentleri, \u0131slah sekileri, taban ku\u015faklar\u0131 ve ge\u00e7irgen tersip bentleri gibi hidrolik yap\u0131lar\u0131n hesap kriterlerine ili\u015fkin standartlar<\/li><li>Kullan\u0131c\u0131 dostu yaz\u0131l\u0131m aray\u00fcz\u00fc<br \/><br \/><\/li><\/ul>\t\t\t\t\t\t<\/div>\n\t\t\t\t<\/div>\n\t\t\t\t<div class=\"elementor-element elementor-element-3494590 elementor-align-right elementor-widget elementor-widget-button\" data-id=\"3494590\" data-element_type=\"widget\" data-widget_type=\"button.default\">\n\t\t\t\t<div class=\"elementor-widget-container\">\n\t\t\t\t\t<div class=\"elementor-button-wrapper\">\n\t\t\t<a class=\"elementor-button elementor-button-link elementor-size-sm\" href=\"https:\/\/suis.com\/ceviri\/software-request\/\">\n\t\t\t\t\t\t<span class=\"elementor-button-content-wrapper\">\n\t\t\t\t\t\t<span class=\"elementor-button-text\">DENEME S\u00dcR\u00dcM\u00dc \/ SATIN AL<\/span>\n\t\t<\/span>\n\t\t\t\t\t<\/a>\n\t\t<\/div>\n\t\t\t\t<\/div>\n\t\t\t\t<\/div>\n\t\t\t\t\t<\/div>\n\t\t<\/div>\n\t\t\t\t<div class=\"elementor-column elementor-col-50 elementor-top-column elementor-element elementor-element-2d38f79\" data-id=\"2d38f79\" data-element_type=\"column\">\n\t\t\t<div class=\"elementor-widget-wrap elementor-element-populated\">\n\t\t\t\t\t\t<div class=\"elementor-element elementor-element-a03b493 elementor-widget elementor-widget-image\" data-id=\"a03b493\" data-element_type=\"widget\" data-widget_type=\"image.default\">\n\t\t\t\t<div class=\"elementor-widget-container\">\n\t\t\t\t\t\t\t\t\t\t\t\t\t\t<a href=\"https:\/\/suis.com\/ceviri\/software-request\/\">\n\t\t\t\t\t\t\t<img loading=\"lazy\" decoding=\"async\" width=\"675\" height=\"491\" src=\"https:\/\/suis.com\/wp-content\/uploads\/2024\/04\/FilterDamDesignTool.jpg\" class=\"attachment-full size-full wp-image-10773\" alt=\"\" srcset=\"https:\/\/suis.com\/wp-content\/uploads\/2024\/04\/FilterDamDesignTool.jpg 675w, https:\/\/suis.com\/wp-content\/uploads\/2024\/04\/FilterDamDesignTool-300x218.jpg 300w, https:\/\/suis.com\/wp-content\/uploads\/2024\/04\/FilterDamDesignTool-16x12.jpg 16w\" sizes=\"(max-width: 675px) 100vw, 675px\" \/>\t\t\t\t\t\t\t\t<\/a>\n\t\t\t\t\t\t\t\t\t\t\t\t\t<\/div>\n\t\t\t\t<\/div>\n\t\t\t\t\t<\/div>\n\t\t<\/div>\n\t\t\t\t\t<\/div>\n\t\t<\/section>\n\t\t\t\t<\/div>","protected":false},"excerpt":{"rendered":"<p>R&amp;D Through our R&amp;D efforts, we develop innovative projects for the sustainable transfer of water and soil resources to future generations. Research &amp; Development Since 1965, Sui\u015f Proje has been involved in numerous projects for the sustainable management of water and soil resources. The company strengthens this sustainable management approach through research and development (R&amp;D), [&hellip;]<\/p>","protected":false},"author":2,"featured_media":0,"parent":0,"menu_order":0,"comment_status":"closed","ping_status":"closed","template":"elementor_header_footer","meta":{"_acf_changed":false,"footnotes":""},"acf":[],"_links":{"self":[{"href":"https:\/\/suis.com\/ceviri\/wp-json\/wp\/v2\/pages\/10695"}],"collection":[{"href":"https:\/\/suis.com\/ceviri\/wp-json\/wp\/v2\/pages"}],"about":[{"href":"https:\/\/suis.com\/ceviri\/wp-json\/wp\/v2\/types\/page"}],"author":[{"embeddable":true,"href":"https:\/\/suis.com\/ceviri\/wp-json\/wp\/v2\/users\/2"}],"replies":[{"embeddable":true,"href":"https:\/\/suis.com\/ceviri\/wp-json\/wp\/v2\/comments?post=10695"}],"version-history":[{"count":110,"href":"https:\/\/suis.com\/ceviri\/wp-json\/wp\/v2\/pages\/10695\/revisions"}],"predecessor-version":[{"id":10821,"href":"https:\/\/suis.com\/ceviri\/wp-json\/wp\/v2\/pages\/10695\/revisions\/10821"}],"wp:attachment":[{"href":"https:\/\/suis.com\/ceviri\/wp-json\/wp\/v2\/media?parent=10695"}],"curies":[{"name":"wp","href":"https:\/\/api.w.org\/{rel}","templated":true}]}}